 base 7.
-6506261
2aa99 (base 14) to base 9
171815
3855d (base 15) to base 12
88274
What is -8b9 (base 13) in base 14?
-796
Convert -79cc7 (base 16) to base 2.
-1111001110011000111
5320145 (base 6) to base 16
3f4c1
What is 130203031011 (base 4) in base 9?
15066380
Convert -388893 (base 13) to base 10.
-1361415
-350021 (base 7) to base 4
-33033221
Convert -36c76 (base 15) to base 13.
-61818
11021220210002 (base 3) to base 4
20231002022
What is -3114100410 (base 5) in base 3?
-110000211201110
Convert 110011101101001111 (base 2) to base 5.
23234131
Convert 1450c0 (base 13) to base 3.
221020022111
Convert -211cc (base 13) to base 11.
-40903
What is -3617 (base 13) in base 7?
-31142
100010001101111000 (base 2) to base 16
22378
-12344662 (base 8) to base 15
-391690
-1576216 (base 8) to base 2
-1101111110010001110
What is -1676273 (base 13) in base 4?
-123232130030
What is -162446633 (base 7) in base 15?
-e7a545
What is 211220221102020 (base 3) in base 8?
56362136
Convert -220022010200 (base 3) to base 13.
-139941
What is 34130343 (base 6) in base 7?
11552625
What is 3b710c (base 14) in base 13?
56c768
2012323100 (base 4) to base 12
2279a8
101000113 (base 4) to base 5
4212110
Convert 17d2 (base 14) to base 12.
25a4
What is 5248962 (base 11) in base 3?
122101221222211
Convert -20303535 (base 6) to base 4.
-2032211303
256055 (base 10) to base 16
3e837
What is -162416 (base 9) in base 2?
-11000011101110100
Convert 23321013 (base 5) to base 10.
213883
What is 110011000010001110 (base 2) in base 8?
630216
Convert 1111101110111101001 (base 2) to base 12.
20a435
What is -10101000010011010 (base 2) in base 7?
-506140
-565263 (base 8) to base 5
-22104110
Convert 91814 (base 15) to base 5.
104221234
Convert 645340 (base 7) to base 2.
11011011011010000
48177 (base 11) to base 6
1253213
2220021222220 (base 3) to base 8
5701757
Convert c3a1c3 (base 13) to base 16.
45a229
What is -109c05 (base 14) in base 5?
-121034002
Convert -349061 (base 10) to base 11.
-219289
126162360 (base 7) to base 3
120100001112000
What is -4414257 (base 8) in base 12?
-4923a7
Convert 16375607 (base 8) to base 15.
500d98
Convert 650644 (base 8) to base 9.
361325
What is -146673 (base 10) in base 2?
-100011110011110001
-182045 (base 10) to base 13
-64b26
Convert 1202211200210 (base 3) to base 13.
26c7b4
3dc96c (base 15) to base 12
bb7a79
What is 1354b1b (base 12) in base 14?
72119d
-5561532 (base 7) to base 11
-42a416
What is 201112313 (base 4) in base 6?
2532315
Convert -173f4 (base 16) to base 3.
-11211121200
Convert 106007 (base 9) to base 10.
63430
111001011100011110110 (base 2) to base 9
3478088
What is -5242310 (base 7) in base 16?
-9a5ef
What is -2010002201111 (base 3) in base 12?
-4624b7
What is -33115305 (base 6) in base 8?
-3615531
What is 110110111211120 (base 3) in base 15?
8ac819
What is -65781 (base 13) in base 3?
-100022220110
What is 11202110020 (base 3) in base 4?
112313022
Convert -129b479 (base 12) to base 6.
-211031033
What is -468189 (base 16) in base 12?
-166a009
What is -2122001020 (base 3) in base 9?
-78036
Convert -35bb8 (base 12) to base 9.
-120485
What is -3573187 (base 9) in base 3?
-10122110012221
What is 10000514 (base 6) in base 10?
280126
What is -104320 (base 10) in base 6?
-2122544
What is 143213142 (base 5) in base 11?
477a72
Convert -101122102303 (base 4) to base 6.
-241454151
What is -da49 (base 16) in base 11?
-38a91
-11100011000011010001000 (base 2) to base 6
-423244252
-46c8c2 (base 13) to base 5
-412400122
Convert 101103411 (base 6) to base 8.
6474277
What is -a215e0 (base 16) in base 7?
-156201122
What is -412ba (base 13) in base 14?
-30884
Convert -3273322 (base 9) to base 8.
-6557036
Convert 110201000121 (base 3) to base 5.
31000223
-1dbab1 (base 16) to base 6
-105432025
What is -10101110011001101 (base 2) in base 9?
-145434
-1635a (base 12) to base 10
-31606
What is -3304212 (base 5) in base 11?
-39753
Convert -2747088 (base 12) to base 3.
-112200201211212
33a8653 (base 12) to base 13
2097306
Convert 231432224 (base 5) to base 3.
1222010202111
Convert -37107d (base 15) to base 8.
-12034331
Convert -1356253 (base 7) to base 5.
-21313034
-742039 (base 13) to base 2
-1010010111100000101001
12301241 (base 5) to base 15
2539b
Convert -1a2242 (base 12) to base 4.
-1300103102
-33020300102 (base 4) to base 6
-221014242
Convert 5191a (base 11) to base 3.
10211202201
Convert 221121110221 (base 3) to base 9.
847427
What is -10403140211 (base 5) in base 9?
-23365321
-1c83ab (base 16) to base 13
-505764
5276666 (base 10) to base 2
10100001000001111111010
What is -1214030441 (base 5) in base 13?
-799685
-9888c (base 14) to base 13
-cc196
-2374305 (base 8) to base 6
-22001301
What is 1621605 (base 7) in base 10?
223935
Convert 3d5d3d (base 14) to base 16.
207d33
4f507 (base 16) to base 2
1001111010100000111
-ba161 (base 14) to base 8
-1557371
Convert a889 (base 11) to base 8.
34047
-263a81 (base 13) to base 8
-3411342
Convert 714a5 (base 14) to base 2.
1000010100011001001
What is 10202211110010 (base 3) in base 13?
552408
Convert 1433131121 (base 5) to base 12.
1334304
What is 25455434 (base 6) in base 15?
1167a7
What is 2886350 (base 9) in base 14?
2d6488
-120022220 (base 4) to base 6
-2042132
Convert -1022120211210 (base 3) to base 13.
-1b6a92
Convert 1306934 (base 10) to base 12.
5303b2
Convert -200100202002111 (base 3) to base 7.
-145640125
What is 3453401 (base 6) in base 3?
100001122101
Convert -16310342 (base 7) to base 6.
-53530032
Convert 4834267 (base 10) to base 15.
657597
Convert 8714a (base 11) to base 9.
212618
Convert -30574010 (base 8) to base 2.
-11000101111100000001000
What is 6033811 (base 9) in base 8?
14177646
Convert 22002021 (base 5) to base 14.
4c5d7
What is -451255012 (base 6) in base 16?
-7cf010
Convert -13a085 (base 12) to base 16.
-502e5
Convert -10010100101111 (base 2) to base 14.
-367d
Convert -847965 (base 14) to base 4.
-101011012011
What is 480102 (base 9) in base 13?
a158b
-364709 (base 13) to base 16
-13c379
300154113 (base 6) to base 5
2243212023
What is -1a72478 (base 11) in base 2?
-1101010011100000101101
Convert 1652761 (base 9) to base 16.
e0c2c
241c467 (base 14) to base 13
37715aa
10211012111 (base 3) to base 16
125e3
What is c597 (base 13) in base 5?
1333313
What is -10220300211 (base 4) in base 14?
-238d93
-334303054 (base 6) to base 7
-102521014
264370 (base 8) to base 16
168f8
Convert 2110122212020 (base 3) to base 15.
1adb83
What is 915a32 (base 14) in base 9?
10180055
Convert -144410 (base 8) to base 12.
-25948
Convert -1461b (base 14) to base 6.
-1030121
What is -10022441 (base 6) in base 3?
-112101101021
Convert -4b72c (base 13) to base 8.
-420560
-2c83ce (base 15) to base 9
-4042805
Convert -253415155 (base 6) to base 12.
-179a4bb
6cd42 (base 16) to base 8
1546502
Convert -1200010200100 (base 3) to base 4.
-3120321201
-612a3 (base 14) to base 5
-24440100
Convert 33212213 (base 4) to base 9.
106602
Convert fe2385 (base 16) to base 15.
16ded42
1203140321 (base 5) to base 8
12503221
796a02 (base 11) to base 7
13531511
What is -1cc87 (base 15) in base 10?
-93952
What is 20221121112010 (base 3) in base 7?
43250040
1110101110001110000011 (base 2) to base 9
7232005
Convert 219302a (base 11) to base 16.
3a97df
33220321 (base 5) to base 12
11b198
What is -210121212222 (base 3) in base 10?
-425654
What is -6a606 (base 13) in base 4?
-233130310
What is -7a18375 (base 11) in base 3?
-222102011101020
4181275 (base 9) to base 16
222734
What is -1000100001000011011100 (base 2) in base 11?
-1295382
-312b3 (base 12) to base 4
-33231213
11020024 (base 5) to base 4
113030212
Convert 112323013301 (base 4) to base 15.
7da81e
Convert -81932 (base 10) to base 14.
-21c04
550441 (base 7) to base 5
11040030
32911 (base 12) to base 14
1a59b
31907 (base 12) to base 13
23905
What is 101220100121012 (base 3) in base 9?
11810535
What is 1a50a91 (base 11) in base 3?
20111121112201
Convert -78893 (base 10) to base 14.
-20a73
Convert -231120 (base 11) to base 10.
-367499
-1222022330 (base 4) to base 12
-18b7b8
-2247003 (base 8) to base 3
-1010222111000
100133120 (base 4) to base 5
4130134
Convert -1001011011101101011 (base 2) to base 5.
-34342344
-14301404 (base 5) to base 9
-248061
ba114 (base 13) to base 14
8a7d5
-222d0 (base 14) to bas